{"id":1281,"date":"2022-03-17T20:28:17","date_gmt":"2022-03-17T19:28:17","guid":{"rendered":"http:\/\/enviedeprier.com\/wordpress\/?page_id=1281"},"modified":"2022-03-18T20:00:23","modified_gmt":"2022-03-18T19:00:23","slug":"cherche-formateurs","status":"publish","type":"page","link":"http:\/\/enviedeprier.com\/wordpress\/fr\/association\/cherche-formateurs\/","title":{"rendered":"Cherche formateurs"},"content":{"rendered":"<p>Depuis plus de 35 ans, l\u2019Association S\u00e9minaires dispense des s\u00e9minaires sur la pri\u00e8re dans le monde francophone et en dehors. Notre but\u00a0: ranimer la flamme de la pri\u00e8re dans les c\u0153urs et dans les \u00e9glises.<\/p>\n<p>Nous recherchons des personnes qui ont la pri\u00e8re \u00e0 c\u0153ur et qui ont l\u2019habitude d\u2019enseigner.<\/p>\n<p>Vous pouvez prendre connaissance des d\u00e9tails dans la\u00a0lettre ci-dessous\u00a0avec un profil de candidat.<\/p>\n<p><a href=\"http:\/\/enviedeprier.com\/wordpress\/wp-content\/uploads\/2022\/03\/LETTRE-FORMATEUR-2022.pdf\">LETTRE-FORMATEUR-2022<\/a><\/p>\n<p>Fraternellement,<\/p>\n<p>Yan Newberry, formateur<\/p>\n<p>Jannick Corbeau, pr\u00e9sident d\u2019Association S\u00e9minaires.<\/p>\n","protected":false},"excerpt":{"rendered":"<p>Depuis plus de 35 ans, l\u2019Association S\u00e9minaires dispense des s\u00e9minaires sur la pri\u00e8re dans le monde francophone et en dehors. Notre but\u00a0: ranimer la flamme de la pri\u00e8re dans les &#8230; <a title=\"Cherche formateurs\" class=\"read-more\" href=\"http:\/\/enviedeprier.com\/wordpress\/fr\/association\/cherche-formateurs\/\" aria-label=\"En savoir plus sur Cherche formateurs\">Lire la suite<\/a><\/p>\n","protected":false},"author":3,"featured_media":0,"parent":10,"menu_order":2,"comment_status":"closed","ping_status":"closed","template":"","meta":{"_exactmetrics_skip_tracking":false,"_exactmetrics_sitenote_active":false,"_exactmetrics_sitenote_note":"","_exactmetrics_sitenote_category":0,"generate_page_header":"","footnotes":""},"class_list":["post-1281","page","type-page","status-publish"],"_links":{"self":[{"href":"http:\/\/enviedeprier.com\/wordpress\/wp-json\/wp\/v2\/pages\/1281","targetHints":{"allow":["GET"]}}],"collection":[{"href":"http:\/\/enviedeprier.com\/wordpress\/wp-json\/wp\/v2\/pages"}],"about":[{"href":"http:\/\/enviedeprier.com\/wordpress\/wp-json\/wp\/v2\/types\/page"}],"author":[{"embeddable":true,"href":"http:\/\/enviedeprier.com\/wordpress\/wp-json\/wp\/v2\/users\/3"}],"replies":[{"embeddable":true,"href":"http:\/\/enviedeprier.com\/wordpress\/wp-json\/wp\/v2\/comments?post=1281"}],"version-history":[{"count":3,"href":"http:\/\/enviedeprier.com\/wordpress\/wp-json\/wp\/v2\/pages\/1281\/revisions"}],"predecessor-version":[{"id":1289,"href":"http:\/\/enviedeprier.com\/wordpress\/wp-json\/wp\/v2\/pages\/1281\/revisions\/1289"}],"up":[{"embeddable":true,"href":"http:\/\/enviedeprier.com\/wordpress\/wp-json\/wp\/v2\/pages\/10"}],"wp:attachment":[{"href":"http:\/\/enviedeprier.com\/wordpress\/wp-json\/wp\/v2\/media?parent=1281"}],"curies":[{"name":"wp","href":"https:\/\/api.w.org\/{rel}","templated":true}]}}