{"id":145,"date":"2015-09-03T20:02:24","date_gmt":"2015-09-03T19:02:24","guid":{"rendered":"http:\/\/enviedeprier.com\/wordpress\/?page_id=145"},"modified":"2015-10-11T16:57:36","modified_gmt":"2015-10-11T15:57:36","slug":"bibliographie","status":"publish","type":"page","link":"http:\/\/enviedeprier.com\/wordpress\/fr\/bibliographie\/","title":{"rendered":"Livres sur la pri\u00e8re"},"content":{"rendered":"<p>Guy App\u00e9r\u00e9, <i>Pour un dialogue avec Dieu<\/i>, Mulhouse, Gr\u00e2ce &amp; V\u00e9rit\u00e9<\/p>\n<p>Frans Bakker, <i>Je veux prier<\/i>, Chalon-sur-Sa\u00f4ne, Europresse<\/p>\n<p>William Barclay, <i>Pri\u00e8res pour le soir et le matin<\/i>, Paris, Croire et servir<\/p>\n<p>Samuel B\u00e9n\u00e9treau, <i>Les pri\u00e8res de J\u00e9sus<\/i>, Charols, Excelsis<\/p>\n<p>Henry et Norman Blackaby, <i>Prier comme J\u00e9sus<\/i>, Romanel, La Maison de la Bible<\/p>\n<p>John Bunyan, <i>La pri\u00e8re<\/i>, Mulhouse, Gr\u00e2ce &amp; V\u00e9rit\u00e9<\/p>\n<p>Donald A. Carson, <i>La pri\u00e8re renouvel\u00e9e<\/i>, Charols, Excelsis<\/p>\n<p>Cynthia Heald, <i>Devenir une femme de pri\u00e8re<\/i>, Marne-la-Vall\u00e9e, Farel<\/p>\n<p>Thierry Huser, <i>La pri\u00e8re : quel vis-\u00e0-vis avec Dieu ?<\/i>, Paris\/Marne-la-Vall\u00e9e, GBU\/Farel<\/p>\n<p>John Indermark, <i>Prier avec J\u00e9sus. Un itin\u00e9raire \u00e0 ses c\u00f4t\u00e9s<\/i>, Paris, Empreinte Temps pr\u00e9sent<\/p>\n<p>Alfred Kuen, <i>L\u2019art de prier selon les Psaumes<\/i>, Charols, Excelsis<\/p>\n<p>Pablo et Jos\u00e9 Martinez, <i>Red\u00e9couvrir la pri\u00e8re<\/i>, Valence, LLB<\/p>\n<p>Yan Newberry, <i>Le d\u00e9sir et plaisir de prier<\/i>, Pierrelatte, Biblos<\/p>\n<p>Yan Newberry, <i>La pri\u00e8re j\u2019y croi<\/i>s, Pierrelatte, Biblos<\/p>\n<p>Yan Newberry, <i>Disponible devant Dieu<\/i>, Pierrelatte, Biblos<\/p>\n<p>James Packer, <i>Conna\u00eetre Dieu, Mulhouse<\/i>, Gr\u00e2ce &amp; V\u00e9rit\u00e9<\/p>\n<p>Pierre-Yves Paquier, <i>En piste ! Prier, c\u2019est passionnant<\/i>, Lausanne, Ligue pour la lecture de la Bible<\/p>\n<p>Walter Wangerin, <i>La pri\u00e8re. \u00c0 l\u2019\u00e9coute du doux murmure<\/i>, Marne-la-Vall\u00e9e, Farel<\/p>\n<p>Alexandre Westphal, <i>Les pri\u00e8res de la Bible<\/i>, Paris, Empreinte Temps pr\u00e9sent<\/p>\n<p>Philip Yancey, <i>La pri\u00e8re. Fait-elle une diff\u00e9rence ?<\/i>, Marne-la-Vall\u00e9e, Farel<\/p>\n","protected":false},"excerpt":{"rendered":"<p>Guy App\u00e9r\u00e9, Pour un dialogue avec Dieu, Mulhouse, Gr\u00e2ce &amp; V\u00e9rit\u00e9 Frans Bakker, Je veux prier, Chalon-sur-Sa\u00f4ne, Europresse William Barclay, Pri\u00e8res pour le soir et le matin, Paris, Croire et &#8230; <a title=\"Livres sur la pri\u00e8re\" class=\"read-more\" href=\"http:\/\/enviedeprier.com\/wordpress\/fr\/bibliographie\/\" aria-label=\"En savoir plus sur Livres sur la pri\u00e8re\">Lire la suite<\/a><\/p>\n","protected":false},"author":1,"featured_media":0,"parent":0,"menu_order":7,"comment_status":"closed","ping_status":"closed","template":"","meta":{"_exactmetrics_skip_tracking":false,"_exactmetrics_sitenote_active":false,"_exactmetrics_sitenote_note":"","_exactmetrics_sitenote_category":0,"generate_page_header":"","footnotes":""},"class_list":["post-145","page","type-page","status-publish"],"_links":{"self":[{"href":"http:\/\/enviedeprier.com\/wordpress\/wp-json\/wp\/v2\/pages\/145","targetHints":{"allow":["GET"]}}],"collection":[{"href":"http:\/\/enviedeprier.com\/wordpress\/wp-json\/wp\/v2\/pages"}],"about":[{"href":"http:\/\/enviedeprier.com\/wordpress\/wp-json\/wp\/v2\/types\/page"}],"author":[{"embeddable":true,"href":"http:\/\/enviedeprier.com\/wordpress\/wp-json\/wp\/v2\/users\/1"}],"replies":[{"embeddable":true,"href":"http:\/\/enviedeprier.com\/wordpress\/wp-json\/wp\/v2\/comments?post=145"}],"version-history":[{"count":2,"href":"http:\/\/enviedeprier.com\/wordpress\/wp-json\/wp\/v2\/pages\/145\/revisions"}],"predecessor-version":[{"id":204,"href":"http:\/\/enviedeprier.com\/wordpress\/wp-json\/wp\/v2\/pages\/145\/revisions\/204"}],"wp:attachment":[{"href":"http:\/\/enviedeprier.com\/wordpress\/wp-json\/wp\/v2\/media?parent=145"}],"curies":[{"name":"wp","href":"https:\/\/api.w.org\/{rel}","templated":true}]}}

Livres sur la prière

<p>Guy Appéré, <i>Pour un dialogue avec Dieu</i>, Mulhouse, Grâce &amp; Vérité</p>
<p>Frans Bakker, <i>Je veux prier</i>, Chalon-sur-Saône, Europresse</p>
<p>William Barclay, <i>Prières pour le soir et le matin</i>, Paris, Croire et servir</p>
<p>Samuel Bénétreau, <i>Les prières de Jésus</i>, Charols, Excelsis</p>
<p>Henry et Norman Blackaby, <i>Prier comme Jésus</i>, Romanel, La Maison de la Bible</p>
<p>John Bunyan, <i>La prière</i>, Mulhouse, Grâce &amp; Vérité</p>
<p>Donald A. Carson, <i>La prière renouvelée</i>, Charols, Excelsis</p>
<p>Cynthia Heald, <i>Devenir une femme de prière</i>, Marne-la-Vallée, Farel</p>
<p>Thierry Huser, <i>La prière : quel vis-à-vis avec Dieu ?</i>, Paris/Marne-la-Vallée, GBU/Farel</p>
<p>John Indermark, <i>Prier avec Jésus. Un itinéraire à ses côtés</i>, Paris, Empreinte Temps présent</p>
<p>Alfred Kuen, <i>L’art de prier selon les Psaumes</i>, Charols, Excelsis</p>
<p>Pablo et José Martinez, <i>Redécouvrir la prière</i>, Valence, LLB</p>
<p>Yan Newberry, <i>Le désir et plaisir de prier</i>, Pierrelatte, Biblos</p>
<p>Yan Newberry, <i>La prière j’y croi</i>s, Pierrelatte, Biblos</p>
<p>Yan Newberry, <i>Disponible devant Dieu</i>, Pierrelatte, Biblos</p>
<p>James Packer, <i>Connaître Dieu, Mulhouse</i>, Grâce &amp; Vérité</p>
<p>Pierre-Yves Paquier, <i>En piste ! Prier, c’est passionnant</i>, Lausanne, Ligue pour la lecture de la Bible</p>
<p>Walter Wangerin, <i>La prière. À l’écoute du doux murmure</i>, Marne-la-Vallée, Farel</p>
<p>Alexandre Westphal, <i>Les prières de la Bible</i>, Paris, Empreinte Temps présent</p>
<p>Philip Yancey, <i>La prière. Fait-elle une différence ?</i>, Marne-la-Vallée, Farel</p>

<p>Guy Appéré, Pour un dialogue avec Dieu, Mulhouse, Grâce &amp; Vérité Frans Bakker, Je veux prier, Chalon-sur-Saône, Europresse William Barclay, Prières pour le soir et le matin, Paris, Croire et &#8230; <a title="Livres sur la prière" class="read-more" href="http://enviedeprier.com/wordpress/fr/bibliographie/" aria-label="En savoir plus sur Livres sur la prière">Lire la suite</a></p>
