{"id":34,"date":"2015-08-27T20:40:14","date_gmt":"2015-08-27T19:40:14","guid":{"rendered":"http:\/\/enviedeprier.com\/wordpress\/?page_id=34"},"modified":"2025-01-07T13:48:33","modified_gmt":"2025-01-07T12:48:33","slug":"livres-et-support-pedagogiques","status":"publish","type":"page","link":"http:\/\/enviedeprier.com\/wordpress\/fr\/bibliographie\/livres-et-support-pedagogiques\/","title":{"rendered":"Articles pour encourager \u00e0 la pri\u00e8re"},"content":{"rendered":"<p>Les articles ci-dessous sont en vente dans votre librairie chr\u00e9tienne habituelle ou sur le site <a href=\"http:\/\/www.xl6.com\" target=\"_blank\" rel=\"noopener\">www.XL6.com<\/a>. En cliquant sur l&rsquo;image repr\u00e9sentant l&rsquo;article, vous irez directement sur le site en question pour avoir tous les d\u00e9tails.<\/p>\n<p><a href=\"http:\/\/www.xl6.com\/articles\/2000000001081-dvd-envie-de-prier-1\" target=\"_blank\" rel=\"noopener\"><img loading=\"lazy\" decoding=\"async\" class=\"alignnone wp-image-46\" src=\"http:\/\/enviedeprier.com\/wordpress\/wp-content\/uploads\/2015\/08\/dvd_envie_de_prier_11.jpg\" alt=\"dvd_envie_de_prier_1\" width=\"185\" height=\"249\" \/><\/a>\u00a0<a href=\"http:\/\/www.xl6.com\/articles\/9782912821089-dvd-envie-de-prier-2\" target=\"_blank\" rel=\"noopener\"><img loading=\"lazy\" decoding=\"async\" class=\"alignnone wp-image-47\" src=\"http:\/\/enviedeprier.com\/wordpress\/wp-content\/uploads\/2015\/08\/dvd_envie_de_prier_21.jpg\" alt=\"dvd_envie_de_prier_2\" width=\"175\" height=\"249\" \/><\/a>\u00a0<a href=\"http:\/\/www.xl6.com\/articles\/9782912821065-un-retour-a-l-essentiel-dieu-enrichir-ma-vie-de-priere\" target=\"_blank\" rel=\"noopener\"><img loading=\"lazy\" decoding=\"async\" class=\"alignnone size-full wp-image-52\" src=\"http:\/\/enviedeprier.com\/wordpress\/wp-content\/uploads\/2015\/08\/livre_un_retour_a_lessentiel_dieu1.jpg\" alt=\"livre_un_retour_a_lessentiel_dieu\" width=\"176\" height=\"249\" \/><\/a>\u00a0<a href=\"http:\/\/www.xl6.com\/articles\/9782912821096-au-coeur-de-la-priere-une-etude-sur-la-priere-dans-l-eglise-basee-sur-le-livre-de-nehemie\" target=\"_blank\" rel=\"noopener\"><img loading=\"lazy\" decoding=\"async\" class=\"alignnone size-full wp-image-48\" src=\"http:\/\/enviedeprier.com\/wordpress\/wp-content\/uploads\/2015\/08\/livre_au_coeur_de_la_priere1.jpg\" alt=\"livre_au_coeur_de_la_priere\" width=\"180\" height=\"249\" \/><\/a>\u00a0<a href=\"http:\/\/www.xl6.com\/articles\/9782950546944-disponible-devant-dieu-une-etude-sur-la-pratique-du-jeune-biblique\" target=\"_blank\" rel=\"noopener\"><img loading=\"lazy\" decoding=\"async\" class=\"alignnone size-full wp-image-49\" src=\"http:\/\/enviedeprier.com\/wordpress\/wp-content\/uploads\/2015\/08\/livre_disponible_devant_dieu1.jpg\" alt=\"livre_disponible_devant_dieu\" width=\"170\" height=\"246\" \/><\/a>\u00a0<a href=\"http:\/\/www.xl6.com\/articles\/9782950546999-la-priere-j-y-crois-ranimer-animer-la-reunion-de-priere\" target=\"_blank\" rel=\"noopener\"><img loading=\"lazy\" decoding=\"async\" class=\"alignnone wp-image-50\" src=\"http:\/\/enviedeprier.com\/wordpress\/wp-content\/uploads\/2015\/08\/livre_la_priere_jy_crois1.jpg\" alt=\"livre_la_priere_jy_crois\" width=\"176\" height=\"247\" \/><\/a> <a href=\"http:\/\/www.xl6.com\/articles\/9782912821027-prions-pour-la-france\" target=\"_blank\" rel=\"noopener\">\u00a0<img loading=\"lazy\" decoding=\"async\" class=\"alignnone wp-image-51\" src=\"http:\/\/enviedeprier.com\/wordpress\/wp-content\/uploads\/2015\/08\/livre_prions_pour_la_france1.jpg\" alt=\"livre_prions_pour_la_france\" width=\"189\" height=\"249\" \/><\/a> <a href=\"http:\/\/www.xl6.com\/articles\/9782950546975-le-desir-et-le-plaisir-de-prier\" target=\"_blank\" rel=\"noopener\"><img loading=\"lazy\" decoding=\"async\" class=\"alignnone wp-image-207\" src=\"http:\/\/enviedeprier.com\/wordpress\/wp-content\/uploads\/2015\/08\/le_desir_et_le_plaisir_de_prier.jpg\" alt=\"le_desir_et_le_plaisir_de_prier\" width=\"172\" height=\"249\" srcset=\"http:\/\/enviedeprier.com\/wordpress\/wp-content\/uploads\/2015\/08\/le_desir_et_le_plaisir_de_prier.jpg 690w, http:\/\/enviedeprier.com\/wordpress\/wp-content\/uploads\/2015\/08\/le_desir_et_le_plaisir_de_prier-207x300.jpg 207w\" sizes=\"auto, (max-width: 172px) 100vw, 172px\" \/>\u00a0<\/a><a href=\"http:\/\/www.xl6.com\/articles\/CARTESCITATIONS-j-ai-envie-de-prier-100-citations-pour-encourager-la-priere\" target=\"_blank\" rel=\"https:\/\/www.xl6.com\/articles\/9782912821133-connaitre-dieu-pour-mieux-prier-99-prieres noopener\"><img loading=\"lazy\" decoding=\"async\" class=\"alignnone wp-image-206\" src=\"http:\/\/enviedeprier.com\/wordpress\/wp-content\/uploads\/2015\/08\/jeu_carte_citation_biblique-233x300.jpg\" alt=\"\" width=\"193\" height=\"248\" srcset=\"http:\/\/enviedeprier.com\/wordpress\/wp-content\/uploads\/2015\/08\/jeu_carte_citation_biblique-233x300.jpg 233w, http:\/\/enviedeprier.com\/wordpress\/wp-content\/uploads\/2015\/08\/jeu_carte_citation_biblique.jpg 768w\" sizes=\"auto, (max-width: 193px) 100vw, 193px\" \/><\/a><\/p>\n\n\n<figure class=\"wp-block-image size-medium is-resized\" id=\"https:\/\/www.xl6.com\/articles\/9782912821133-connaitre-dieu-pour-mieux-prier-99-prieres\"><a href=\"https:\/\/www.xl6.com\/articles\/9782912821133-connaitre-dieu-pour-mieux-prier-99-prieres\" target=\"_blank\" rel=\"https:\/\/www.xl6.com\/articles\/9782912821133-connaitre-dieu-pour-mieux-prier-99-prieres noreferrer noopener\"><img loading=\"lazy\" decoding=\"async\" width=\"300\" height=\"210\" src=\"http:\/\/enviedeprier.com\/wordpress\/wp-content\/uploads\/2024\/12\/9782912821133-300x210.jpg\" alt=\"\" class=\"wp-image-1603\" style=\"width:303px;height:auto\" srcset=\"http:\/\/enviedeprier.com\/wordpress\/wp-content\/uploads\/2024\/12\/9782912821133-300x210.jpg 300w, http:\/\/enviedeprier.com\/wordpress\/wp-content\/uploads\/2024\/12\/9782912821133-768x538.jpg 768w, http:\/\/enviedeprier.com\/wordpress\/wp-content\/uploads\/2024\/12\/9782912821133.jpg 1000w\" sizes=\"auto, (max-width: 300px) 100vw, 300px\" \/><\/a><\/figure>\n\n\n\n<p><\/p>\n","protected":false},"excerpt":{"rendered":"<p>Les articles ci-dessous sont en vente dans votre librairie chr\u00e9tienne habituelle ou sur le site www.XL6.com. En cliquant sur l&rsquo;image repr\u00e9sentant l&rsquo;article, vous irez directement sur le site en question &#8230; <a title=\"Articles pour encourager \u00e0 la pri\u00e8re\" class=\"read-more\" href=\"http:\/\/enviedeprier.com\/wordpress\/fr\/bibliographie\/livres-et-support-pedagogiques\/\" aria-label=\"En savoir plus sur Articles pour encourager \u00e0 la pri\u00e8re\">Lire la suite<\/a><\/p>\n","protected":false},"author":1,"featured_media":0,"parent":145,"menu_order":8,"comment_status":"closed","ping_status":"closed","template":"","meta":{"_exactmetrics_skip_tracking":false,"_exactmetrics_sitenote_active":false,"_exactmetrics_sitenote_note":"","_exactmetrics_sitenote_category":0,"generate_page_header":"","footnotes":""},"class_list":["post-34","page","type-page","status-publish"],"_links":{"self":[{"href":"http:\/\/enviedeprier.com\/wordpress\/wp-json\/wp\/v2\/pages\/34","targetHints":{"allow":["GET"]}}],"collection":[{"href":"http:\/\/enviedeprier.com\/wordpress\/wp-json\/wp\/v2\/pages"}],"about":[{"href":"http:\/\/enviedeprier.com\/wordpress\/wp-json\/wp\/v2\/types\/page"}],"author":[{"embeddable":true,"href":"http:\/\/enviedeprier.com\/wordpress\/wp-json\/wp\/v2\/users\/1"}],"replies":[{"embeddable":true,"href":"http:\/\/enviedeprier.com\/wordpress\/wp-json\/wp\/v2\/comments?post=34"}],"version-history":[{"count":17,"href":"http:\/\/enviedeprier.com\/wordpress\/wp-json\/wp\/v2\/pages\/34\/revisions"}],"predecessor-version":[{"id":1616,"href":"http:\/\/enviedeprier.com\/wordpress\/wp-json\/wp\/v2\/pages\/34\/revisions\/1616"}],"up":[{"embeddable":true,"href":"http:\/\/enviedeprier.com\/wordpress\/wp-json\/wp\/v2\/pages\/145"}],"wp:attachment":[{"href":"http:\/\/enviedeprier.com\/wordpress\/wp-json\/wp\/v2\/media?parent=34"}],"curies":[{"name":"wp","href":"https:\/\/api.w.org\/{rel}","templated":true}]}}