{"id":69,"date":"2015-08-27T21:03:11","date_gmt":"2015-08-27T20:03:11","guid":{"rendered":"http:\/\/enviedeprier.com\/wordpress\/?page_id=69"},"modified":"2015-10-11T16:40:17","modified_gmt":"2015-10-11T15:40:17","slug":"les-sept-facettes-de-la-priere","status":"publish","type":"page","link":"http:\/\/enviedeprier.com\/wordpress\/fr\/cultiver-ma-vie-de-priere\/les-sept-facettes-de-la-priere\/","title":{"rendered":"Les sept facettes de la pri\u00e8re"},"content":{"rendered":"<h3>1\u00e8re facette<\/h3>\n<p>La pri\u00e8re est un myst\u00e8re mais fait partie int\u00e9grante du plan de Dieu. Les secrets du m\u00e9canisme et du fonctionnement de la pri\u00e8re ne sont pas tous d\u00e9voil\u00e9s et nous \u00e9chappent. Pourquoi, par exemple, Dieu qui est omniscient, (qui sait toutes choses d\u2019avance) qui est tout puissant, demande \u00e0 son peuple de prier ? Nous ne pouvons pas tout expliquer, codifier, analyser, comprendre, car les pens\u00e9es et les voies de Dieu ne sont pas les n\u00f4tres. Dieu veut qu\u2019on prie, car cela est bon et utile, et lui est agr\u00e9able (1 Timoth\u00e9e 2.1-4). A plusieurs reprises, dans la Bible, Dieu demande la pri\u00e8re avant d\u2019agir et d\u2019intervenir.<br \/>\nAinsi, Dieu parle \u00e0 Abim\u00e9lec et lui annonce sa gu\u00e9rison (Gen\u00e8se 20.3). Cette intervention de Dieu aura lieu suite \u00e0 la pri\u00e8re d\u2019Abraham en faveur d\u2019Abim\u00e9lec. Notez bien que c\u2019est Dieu qui a exig\u00e9 cette pri\u00e8re. \u00ab Il priera pour toi et tu vivras \u00bb (Gen\u00e8se 20.7).<br \/>\nUn autre exemple biblique : Dieu dit \u00e0 Eliphaz que Job va prier pour lui et qu\u2019il sera pardonn\u00e9 (Job 42.7) . Dieu aurait pu agir seul. Non. Il demande la collaboration, la participation de Job avant d\u2019agir et d\u2019intervenir.<br \/>\nL\u2019ap\u00f4tre Paul \u00e9crivait : \u00ab Nous sommes ouvriers avec Dieu, collaborateurs avec Dieu \u00bb (1 Corinthiens 3.9). Dieu d\u00e9sire collaborer avec les hommes dans l\u2019accomplissement de ses plans.<\/p>\n<h3>2e facette<\/h3>\n<p>La pri\u00e8re n\u2019est pas la fa\u00e7on d\u2019obtenir ce que nous voulons, mais la fa\u00e7on de devenir ce que Dieu veut que nous soyons.<br \/>\nNon pas ce que je veux mais ce que Dieu veut pour moi. J\u00e9sus lui-m\u00eame dans sa pri\u00e8re exprime cela quand il dit : \u00ab que ma volont\u00e9 ne se fasse pas mais la sienne \u00bb (Luc 22.42). En fait, prier c\u2019est se laisser fa\u00e7onner par Dieu. Cela implique une disponibilit\u00e9, du temps, une ouverture d\u2019esprit, le d\u00e9sir de devenir ce que Dieu veut que nous soyons. Prier, c\u2019est se mettre \u00e0 la disposition de Dieu pour le laisser faire en nous ce qu\u2019il voudrait y faire depuis longtemps. \u00c0 travers la pri\u00e8re, Dieu d\u00e9sire nous changer.<\/p>\n<h3>3e facette<\/h3>\n<p>\u00ab La pri\u00e8re est un \u00e9lan affectueux vers Dieu \u00bb (Saint Augustin). La pri\u00e8re, c\u2019est l\u2019effusion du c\u0153ur qui s\u2019exprime. La pri\u00e8re authentique est une expression de nos sentiments, de nos pens\u00e9es les plus secr\u00e8tes. C\u2019est une force plus ou moins intense qui bouillonne \u00e0 l\u2019int\u00e9rieur de nous. La pri\u00e8re nous permet d\u2019exprimer nos chagrins, nos soucis, nos douleurs. Vous passez par un temps de s\u00e9cheresse spirituelle, une \u00e9preuve cuisante ? Dites-le \u00e0 Dieu, il \u00e9coute, il comprend et il compatit.<br \/>\nLa pri\u00e8re est une d\u00e9claration de notre d\u00e9pendance vis-\u00e0-vis de Dieu. Sa pr\u00e9sence, sa force, sa paix, ses interventions dans ma vie de tous les jours, je ne peux m\u2019en passer.<br \/>\nDans la prosp\u00e9rit\u00e9 ou dans l\u2019adversit\u00e9, je pense \u00e0 Dieu et \u00ab Dieu pense \u00e0 moi \u00bb (Psaumes 40.18). Lorsque nous avons compris combien nous sommes d\u00e9pendants de Dieu, combien nous avons besoin de lui, nous ne pouvons plus nous arr\u00eater de prier.<\/p>\n<h3>4e facette<\/h3>\n<p>\u00ab La pri\u00e8re est un exercice de foi \u00e0 travers lequel nous recevons journellement les b\u00e9n\u00e9dictions de Dieu \u00bb (Jean Calvin). La pri\u00e8re n\u2019est pas un moyen pour \u00ab passer une commande \u00bb ou \u00ab remettre \u00e0 Dieu une liste de commissions \u00bb. Non, la pri\u00e8re est le moyen par excellence pour nourrir, enrichir, \u00e9toffer notre relation avec Dieu. Celui qui prie re\u00e7oit de grands biens de sa pri\u00e8re avant m\u00eame de recevoir ce qu\u2019il demande.<\/p>\n<h3>5e facette<\/h3>\n<p>Prier, c\u2019est se voir soi-m\u00eame, voir les autres et le monde \u00e0 travers les yeux de Dieu (Psaumes 73.16-17) : \u00ab la difficult\u00e9 fut grande \u00e0 mes yeux jusqu\u2019\u00e0 ce que j\u2019aie p\u00e9n\u00e9tr\u00e9 dans les sanctuaires de Dieu \u00bb. La pri\u00e8re nous donne une perspective qui est autre, celle de Dieu. Quand nous prions, nous changeons non seulement de perspective mais aussi d\u2019attitude, car Dieu \u00e0 travers la pri\u00e8re communique son amour, sa compassion et en m\u00eame temps arrache la haine de notre c\u0153ur.<\/p>\n<h3>6e facette<\/h3>\n<p>Prier, c\u2019est aussi \u00eatre \u00e0 l\u2019\u00e9coute de Dieu. Pour savoir bien parler, il faut aussi savoir bien \u00e9couter.<br \/>\nLe r\u00e9cit de la vocation de Samuel fournit une description impressionnante de ce mouvement de l\u2019\u00e9coute de Dieu. C\u2019est Elie qui va \u00ab entra\u00eener \u00bb le jeune Samuel dans cet exercice de l\u2019\u00e9coute de Dieu. Lorsque Dieu parle \u00e0 Samuel, Samuel r\u00e9pond avec cette pri\u00e8re simple, courte, intelligente : \u00ab Parle Seigneur, car ton serviteur \u00e9coute. \u00bb \u00ab Le jeune Samuel ne laissa tomber \u00e0 terre aucune des paroles de Dieu \u00bb (1 Samuel 3.19).<br \/>\nDans la pens\u00e9e biblique, prier, c\u2019est \u00e9couter Dieu au sens profond du terme, ce qui implique une notion de soumission et d\u2019ob\u00e9issance. Dans la pri\u00e8re, Dieu veut nous parler et nous dire des choses importantes.<\/p>\n<h3>7e facette<\/h3>\n<p>Le but de la pri\u00e8re, c\u2019est de glorifier Dieu. Nous sommes appel\u00e9s \u00e0 le louer.<br \/>\nQu\u2019est-ce que la gloire de Dieu ? Dans l\u2019Ancien Testament ce mot \u00ab gloire \u00bb est la traduction d\u2019un mot h\u00e9breu qui signifie \u00ab poids \u00bb. Les th\u00e9ologiens nous disent que la gloire de Dieu est la somme totale, l\u2019addition de tous les attributs, les manifestations, les interventions et les traits du caract\u00e8re de Dieu.<br \/>\nLa gloire de Dieu, c\u2019est comme le parfum qui \u00e9mane d\u2019un bouquet de fleurs, chaque fleur repr\u00e9sentant un attribut de Dieu ou une de ses interventions : puissance, saintet\u00e9, gr\u00e2ce, justice, amour, majest\u00e9, g\u00e9n\u00e9rosit\u00e9, sagesse, omnipr\u00e9sence, mis\u00e9ricorde, col\u00e8re, bont\u00e9\u2026<br \/>\nAdorer Dieu, c\u2019est reconna\u00eetre que lui seul est digne de recevoir l\u2019honneur, la puissance et la gloire.<br \/>\nLa pri\u00e8re me pr\u00e9pare aussi \u00e0 accueillir, \u00e0 recevoir la r\u00e9ponse de Dieu, mais surtout me pr\u00e9pare \u00e0 reconna\u00eetre l\u2019intervention, l\u2019irruption de Dieu dans ma vie de tous les jours. Lorsque nos pri\u00e8res ont pour but la gloire de Dieu, nos propres requ\u00eates prennent une autre importance.<\/p>\n","protected":false},"excerpt":{"rendered":"<p>1\u00e8re facette La pri\u00e8re est un myst\u00e8re mais fait partie int\u00e9grante du plan de Dieu. Les secrets du m\u00e9canisme et du fonctionnement de la pri\u00e8re ne sont pas tous d\u00e9voil\u00e9s &#8230; <a title=\"Les sept facettes de la pri\u00e8re\" class=\"read-more\" href=\"http:\/\/enviedeprier.com\/wordpress\/fr\/cultiver-ma-vie-de-priere\/les-sept-facettes-de-la-priere\/\" aria-label=\"En savoir plus sur Les sept facettes de la pri\u00e8re\">Lire la suite<\/a><\/p>\n","protected":false},"author":1,"featured_media":0,"parent":59,"menu_order":6,"comment_status":"closed","ping_status":"closed","template":"","meta":{"_exactmetrics_skip_tracking":false,"_exactmetrics_sitenote_active":false,"_exactmetrics_sitenote_note":"","_exactmetrics_sitenote_category":0,"generate_page_header":"","footnotes":""},"class_list":["post-69","page","type-page","status-publish"],"_links":{"self":[{"href":"http:\/\/enviedeprier.com\/wordpress\/wp-json\/wp\/v2\/pages\/69","targetHints":{"allow":["GET"]}}],"collection":[{"href":"http:\/\/enviedeprier.com\/wordpress\/wp-json\/wp\/v2\/pages"}],"about":[{"href":"http:\/\/enviedeprier.com\/wordpress\/wp-json\/wp\/v2\/types\/page"}],"author":[{"embeddable":true,"href":"http:\/\/enviedeprier.com\/wordpress\/wp-json\/wp\/v2\/users\/1"}],"replies":[{"embeddable":true,"href":"http:\/\/enviedeprier.com\/wordpress\/wp-json\/wp\/v2\/comments?post=69"}],"version-history":[{"count":2,"href":"http:\/\/enviedeprier.com\/wordpress\/wp-json\/wp\/v2\/pages\/69\/revisions"}],"predecessor-version":[{"id":71,"href":"http:\/\/enviedeprier.com\/wordpress\/wp-json\/wp\/v2\/pages\/69\/revisions\/71"}],"up":[{"embeddable":true,"href":"http:\/\/enviedeprier.com\/wordpress\/wp-json\/wp\/v2\/pages\/59"}],"wp:attachment":[{"href":"http:\/\/enviedeprier.com\/wordpress\/wp-json\/wp\/v2\/media?parent=69"}],"curies":[{"name":"wp","href":"https:\/\/api.w.org\/{rel}","templated":true}]}}