{"id":7,"date":"2015-08-20T14:21:38","date_gmt":"2015-08-20T13:21:38","guid":{"rendered":"http:\/\/enviedeprier.com\/wordpress\/?page_id=7"},"modified":"2024-12-17T18:14:31","modified_gmt":"2024-12-17T17:14:31","slug":"accueil","status":"publish","type":"page","link":"http:\/\/enviedeprier.com\/wordpress\/fr\/accueil\/","title":{"rendered":"Accueil"},"content":{"rendered":"<p style=\"text-align: center;\">\n<p style=\"text-align: center;\"><a href=\"https:\/\/www.xl6.com\/seminairepriere\" target=\"_blank\" rel=\"noopener\"><img loading=\"lazy\" decoding=\"async\" class=\"aligncenter wp-image-1320 size-full\" src=\"http:\/\/enviedeprier.com\/wordpress\/wp-content\/uploads\/2022\/05\/HP-01.png\" alt=\"\" width=\"862\" height=\"569\" srcset=\"http:\/\/enviedeprier.com\/wordpress\/wp-content\/uploads\/2022\/05\/HP-01.png 862w, http:\/\/enviedeprier.com\/wordpress\/wp-content\/uploads\/2022\/05\/HP-01-300x198.png 300w, http:\/\/enviedeprier.com\/wordpress\/wp-content\/uploads\/2022\/05\/HP-01-768x507.png 768w\" sizes=\"auto, (max-width: 862px) 100vw, 862px\" \/> <img loading=\"lazy\" decoding=\"async\" class=\"aligncenter wp-image-1321 size-full\" src=\"http:\/\/enviedeprier.com\/wordpress\/wp-content\/uploads\/2022\/05\/HP-02.png\" alt=\"\" width=\"788\" height=\"464\" srcset=\"http:\/\/enviedeprier.com\/wordpress\/wp-content\/uploads\/2022\/05\/HP-02.png 788w, http:\/\/enviedeprier.com\/wordpress\/wp-content\/uploads\/2022\/05\/HP-02-300x177.png 300w, http:\/\/enviedeprier.com\/wordpress\/wp-content\/uploads\/2022\/05\/HP-02-768x452.png 768w\" sizes=\"auto, (max-width: 788px) 100vw, 788px\" \/> <img loading=\"lazy\" decoding=\"async\" class=\"aligncenter wp-image-1322 size-full\" src=\"http:\/\/enviedeprier.com\/wordpress\/wp-content\/uploads\/2022\/05\/HP-03.png\" alt=\"\" width=\"792\" height=\"597\" srcset=\"http:\/\/enviedeprier.com\/wordpress\/wp-content\/uploads\/2022\/05\/HP-03.png 792w, http:\/\/enviedeprier.com\/wordpress\/wp-content\/uploads\/2022\/05\/HP-03-300x226.png 300w, http:\/\/enviedeprier.com\/wordpress\/wp-content\/uploads\/2022\/05\/HP-03-768x579.png 768w\" sizes=\"auto, (max-width: 792px) 100vw, 792px\" \/><\/a><\/p>\n<p style=\"text-align: center;\"><span style=\"color: #333333; text-decoration: underline;\"><a style=\"color: #333333;\" href=\"https:\/\/www.xl6.com\/seminairepriere\" target=\"_blank\" rel=\"noopener\">T\u00e9l\u00e9chargez les deux premiers modules gratuitement sur le site d&rsquo;XL6<\/a><\/span><\/p>\n<p style=\"text-align: center;\"><a href=\"https:\/\/www.xl6.com\/dieurepond\" target=\"_blank\" rel=\"noopener\"><br \/>\n<img loading=\"lazy\" decoding=\"async\" class=\"aligncenter wp-image-1120 size-full\" src=\"http:\/\/enviedeprier.com\/wordpress\/wp-content\/uploads\/2020\/06\/header3_film.png\" alt=\"\" width=\"792\" height=\"383\" srcset=\"http:\/\/enviedeprier.com\/wordpress\/wp-content\/uploads\/2020\/06\/header3_film.png 792w, http:\/\/enviedeprier.com\/wordpress\/wp-content\/uploads\/2020\/06\/header3_film-300x145.png 300w, http:\/\/enviedeprier.com\/wordpress\/wp-content\/uploads\/2020\/06\/header3_film-768x371.png 768w\" sizes=\"auto, (max-width: 792px) 100vw, 792px\" \/><\/a><\/p>\n<p style=\"text-align: center;\"><span style=\"color: #333333; text-decoration: underline;\"><a style=\"color: #333333;\" href=\"https:\/\/www.xl6.com\/dieurepond\" target=\"_blank\" rel=\"noopener\">T\u00e9l\u00e9chargez la version HD avec le guide d&rsquo;animation sur le site d&rsquo;XL6<\/a><\/span><\/p>\n<p><a href=\"https:\/\/www.youtube.com\/watch?v=W3epMlwUOxE\" target=\"_blank\" rel=\"noopener\"><img decoding=\"async\" class=\"wp-image-307 aligncenter\" src=\"http:\/\/enviedeprier.com\/wordpress\/wp-content\/uploads\/2019\/06\/seminaire.png\" alt=\"jaquette_play\" \/><\/a><\/p>\n","protected":false},"excerpt":{"rendered":"<p>T\u00e9l\u00e9chargez les deux premiers modules gratuitement sur le site d&rsquo;XL6 T\u00e9l\u00e9chargez la version HD avec le guide d&rsquo;animation sur le site d&rsquo;XL6<\/p>\n","protected":false},"author":1,"featured_media":0,"parent":0,"menu_order":0,"comment_status":"closed","ping_status":"closed","template":"","meta":{"_exactmetrics_skip_tracking":false,"_exactmetrics_sitenote_active":false,"_exactmetrics_sitenote_note":"","_exactmetrics_sitenote_category":0,"generate_page_header":"","footnotes":""},"class_list":["post-7","page","type-page","status-publish"],"_links":{"self":[{"href":"http:\/\/enviedeprier.com\/wordpress\/wp-json\/wp\/v2\/pages\/7","targetHints":{"allow":["GET"]}}],"collection":[{"href":"http:\/\/enviedeprier.com\/wordpress\/wp-json\/wp\/v2\/pages"}],"about":[{"href":"http:\/\/enviedeprier.com\/wordpress\/wp-json\/wp\/v2\/types\/page"}],"author":[{"embeddable":true,"href":"http:\/\/enviedeprier.com\/wordpress\/wp-json\/wp\/v2\/users\/1"}],"replies":[{"embeddable":true,"href":"http:\/\/enviedeprier.com\/wordpress\/wp-json\/wp\/v2\/comments?post=7"}],"version-history":[{"count":28,"href":"http:\/\/enviedeprier.com\/wordpress\/wp-json\/wp\/v2\/pages\/7\/revisions"}],"predecessor-version":[{"id":1602,"href":"http:\/\/enviedeprier.com\/wordpress\/wp-json\/wp\/v2\/pages\/7\/revisions\/1602"}],"wp:attachment":[{"href":"http:\/\/enviedeprier.com\/wordpress\/wp-json\/wp\/v2\/media?parent=7"}],"curies":[{"name":"wp","href":"https:\/\/api.w.org\/{rel}","templated":true}]}}