{"id":72,"date":"2015-08-27T21:05:13","date_gmt":"2015-08-27T20:05:13","guid":{"rendered":"http:\/\/enviedeprier.com\/wordpress\/?page_id=72"},"modified":"2015-10-11T16:40:34","modified_gmt":"2015-10-11T15:40:34","slug":"ranimer-la-flamme-de-la-priere","status":"publish","type":"page","link":"http:\/\/enviedeprier.com\/wordpress\/fr\/cultiver-ma-vie-de-priere\/ranimer-la-flamme-de-la-priere\/","title":{"rendered":"Ranimer la flamme de la pri\u00e8re"},"content":{"rendered":"<h3>La pri\u00e8re\u00a0: probl\u00e8mes rencontr\u00e9s, solutions et rem\u00e8des propos\u00e9s<\/h3>\n<p>Depuis plus de 27\u00a0ans, je parcours le monde francophone pour animer un s\u00e9minaire de 6\u00a0heures sur le th\u00e8me de la pri\u00e8re. \u00c0 ce jour plus de 25\u00a0000 personnes, dont vous peut-\u00eatre, ont assist\u00e9 \u00e0 un de ces s\u00e9minaires. Encourageant, non\u00a0? Oui, en France aujourd\u2019hui il y a un grand nombre de personnes qui prient et qui d\u00e9sirent non seulement approfondir leur vie de pri\u00e8re, mais aussi interc\u00e9der avec ferveur et pr\u00e9cision pour leur pays, la France. Ces chr\u00e9tiens-l\u00e0, (dont vous faites partie, j\u2019esp\u00e8re) m\u2019encouragent \u00e0 pers\u00e9v\u00e9rer et \u00e0 tout faire pour ranimer la flamme de la pri\u00e8re dans les c\u0153urs.<\/p>\n<p>\u00c9coutez certains participants \u00e9voquer des probl\u00e8mes r\u00e9els et pratiques de leur vie de pri\u00e8re\u00a0: manque de temps, de motivation, probl\u00e8me de concentration (trop de choses qui me trottent dans la t\u00eate), d\u2019horaires, bruits, fatigue, stress, d\u00e9couragement, peu de personnes \u00e0 la r\u00e9union de pri\u00e8re. La r\u00e9union de pri\u00e8re est souvent mal pr\u00e9par\u00e9e, monotone. Pour d\u2019autres, la pri\u00e8re est un devoir l\u00e9galiste et non une joie. Il y a un manque d\u2019enseignement sur l\u2019efficacit\u00e9 de la pri\u00e8re, les diff\u00e9rentes formes de pri\u00e8re\u00a0: intercession, adoration, \u00e9coute, remerciement, confession, requ\u00eates, le je\u00fbne avec la pri\u00e8re.<\/p>\n<p>Nous avons besoin d\u2019un enseignement biblique et pratique pour apporter des \u00e9l\u00e9ments de r\u00e9ponses aux questions suivantes\u00a0: Comment prier\u00a0? Par o\u00f9 commencer\u00a0? Comment progresser et pers\u00e9v\u00e9rer\u00a0? Que faire lorsqu\u2019on n\u2019arrive pas ou plus \u00e0 prier\u00a0? Dieu ne r\u00e9pond pas \u00e0 mes pri\u00e8res, comme je veux, quand je veux. Alors que faire\u00a0?<\/p>\n<h3>Solutions bibliques et pratiques pour am\u00e9liorer votre vie de pri\u00e8re<\/h3>\n<p>\u2022 Fondez votre pri\u00e8re sur Dieu. Autrement dit, commencez votre temps de pri\u00e8re avec l\u2019adoration. L\u2019adoration, c\u2019est la locomotive de la pri\u00e8re parce que Dieu en est \u00e0 la fois le sujet et le centre (Psaumes\u00a022.26).<\/p>\n<p>Adorer Dieu c\u2019est mettre les attributs de Dieu sous un microscope, les contempler, les \u00e9tudier, les appr\u00e9cier\u00a0: sa majest\u00e9, sa saintet\u00e9, sa puissance, sa mis\u00e9ricorde, sa patience, sa grandeur, etc. Le fondement, le socle, le c\u0153ur de la pri\u00e8re biblique chr\u00e9tienne, c\u2019est Dieu.<\/p>\n<p>\u00c9coutez cette belle citation de C.H. Spurgeon\u00a0: \u00ab\u00a0Voudriez-vous oublier vos chagrins, abandonner vos soucis\u00a0? Alors, plongez-vous en Dieu comme dans une mer profonde\u00a0; perdez-vous dans son immensit\u00e9\u00a0; vous en ressortirez repos\u00e9s, rafra\u00eechis et pleins d\u2019une nouvelle vigueur. Je ne connais rien qui puisse autant r\u00e9conforter l\u2019\u00e2me, rien qui puisse si bien calmer les assauts du chagrin et la douleur, rien qui puisse avec autant d\u2019efficacit\u00e9 parler de paix aux vents d\u00e9cha\u00een\u00e9s de l\u2019\u00e9preuve, qu\u2019une m\u00e9ditation fervente centr\u00e9e sur la personne de Dieu\u00a0\u00bb.<\/p>\n<p>La pri\u00e8re d\u2019adoration d\u00e9tourne nos yeux et nos pens\u00e9es des montagnes (nos probl\u00e8mes), pour les centrer sur celui qui est capable de d\u00e9placer les montagnes. L\u2019adoration, c\u2019est l\u2019air que respirent toutes les autres formes de pri\u00e8re, la mer dans laquelle la pri\u00e8re nage.<\/p>\n<p>\u2022 Chaque jour, trouvez un temps fixe et un lieu calme pour votre temps de pri\u00e8re.<\/p>\n<p>\u2022 Nourrissez votre temps de pri\u00e8re avec la lecture d\u2019un texte biblique. Depuis trop longtemps il y a eu divorce entre la pri\u00e8re et la Bible. Que personne ne s\u00e9pare ce que Dieu a uni. Prier et ignorer la Parole de Dieu est une abomination (Proverbes\u00a028.9). Cette harmonie entre la pri\u00e8re et la Bible nous \u00e9vite de d\u00e9vier d\u2019un millim\u00e8tre de la volont\u00e9 de Dieu.<\/p>\n<p>\u2022 Achetez un carnet de pri\u00e8re. Vous pourrez y noter des sujets et des r\u00e9ponses \u00e0 vos pri\u00e8res. Collez-y les photos de votre famille, de vos amis, ce sera une aide visuelle qui vous rafra\u00eechira la m\u00e9moire.<\/p>\n<p>\u2022 Calculez le temps que vous passez par semaine \u00e0 regarder la t\u00e9l\u00e9vision. Coupez ce temps en deux et consacrez-en une partie \u00e0 la pri\u00e8re\u00a0!<\/p>\n<p>\u2022 Assistez r\u00e9guli\u00e8rement \u00e0 la r\u00e9union de pri\u00e8re hebdomadaire de votre \u00e9glise.<\/p>\n<p>\u2022 Meublez votre esprit avec de bonnes lectures, des livres sur la pri\u00e8re, par exemple. Avez-vous lu les trois petits livres de Pablo et Jos\u00e9 Martinez\u00a0? Ils sont clairs, bibliques, toniques\u00a0: Th\u00e9ologie de la pri\u00e8re, Psychologie de la pri\u00e8re, Pratique de la pri\u00e8re, \u00e9ditions la Ligue Pour la Lecture de la Bible. Je vous conseille aussi\u00a0: Conna\u00eetre Dieu, de J. Packer, un livre qui va renouveler et approfondir votre connaissance de Dieu.<\/p>\n<p>\u2022 Relevez dans les pri\u00e8res bibliques comment Dieu r\u00e9pond \u00e0 la pri\u00e8re (il y a plus de 650\u00a0pri\u00e8res dans la Bible).<\/p>\n<p>\u2022 T\u00e2chez de comprendre pourquoi Dieu ne r\u00e9pond pas toujours \u00e0 nos pri\u00e8res. Soit il y a un d\u00e9calage entre le calendrier de Dieu et le n\u00f4tre, soit il y a conflit entre ce que nous voulons et demandons et ce que Dieu veut pour nous (Esa\u00efe 55.8\u00a0: \u00ab\u00a0Mes pens\u00e9es ne sont pas vos pens\u00e9es, vos voies ne sont pas mes voies dit l\u2019Eternel\u00a0\u00bb). Avons-nous les bons sujets de pri\u00e8re avec les bonnes motivations\u00a0? (Jacques\u00a04.3) Attention\u00a0! la pri\u00e8re n\u2019est pas la fa\u00e7on d\u2019obtenir ce que nous voulons, mais la fa\u00e7on de devenir ce que Dieu veut que nous soyons\u00a0!<\/p>\n<p>\u2022 Sachez que le combat spirituel a lieu dans les lieux c\u00e9lestes (Eph\u00e9siens\u00a06), mais aussi dans notre t\u00eate, au niveau de nos pens\u00e9es. Que faire quand les mauvaises pens\u00e9es s\u2019agitent et s\u2019\u00e9l\u00e8vent comme une temp\u00eate dans notre esprit\u00a0? La m\u00e9disance, la haine, la jalousie, l\u2019avarice, le doute, l\u2019immoralit\u00e9 ne trouvent-ils pas, selon Jacques\u00a01.14-15, leurs racines dans nos pens\u00e9es\u00a0? Comment arr\u00eater ce processus\u00a0? C\u2019est la pri\u00e8re et la confession, qui combattent et stoppent tout cela. Les autres formes de pri\u00e8re, comme la reconnaissance, l\u2019intercession, sont les fertilisants qui renouvellent, lavent, purifient et labourent le terrain de notre esprit et emp\u00eachent les mauvaises herbes de prendre racine et d\u2019envahir tout \u00ab\u00a0notre jardin int\u00e9rieur\u00a0\u00bb. Par la pri\u00e8re, donnons une nouvelle orientation \u00e0 notre mani\u00e8re de penser\u00a0!<\/p>\n<p>\u2022 Priez r\u00e9guli\u00e8rement avec une autre personne.<\/p>\n<p>\u2022 Pers\u00e9v\u00e9rez. J\u00e9sus nous invite \u00e0 \u00ab\u00a0Prier et \u00e0 ne point nous rel\u00e2cher\u00a0\u00bb (Luc\u00a018.1) Paul nous dit\u00a0: \u00ab\u00a0Pers\u00e9v\u00e9rez dans la pri\u00e8re\u00a0\u00bb (Romains\u00a012.12). Molina, la m\u00e8re de saint Augustin, a pri\u00e9 chaque jour avec pers\u00e9v\u00e9rance pour son fils rebelle. Celui-ci partit en Italie se plonger dans toutes sortes de vices. Pendant 32\u00a0ans, sa m\u00e8re pers\u00e9v\u00e9ra dans la pri\u00e8re pour son salut. Augustin se tourna finalement vers Dieu. Plus tard, il devint un des plus grands th\u00e9ologiens de l\u2019Occident et donna toute une \u00ab\u00a0charpente\u00a0\u00bb \u00e0 la th\u00e9ologie protestante.<\/p>\n<p>Georges M\u00fcller, ce g\u00e9ant de la foi, qui a not\u00e9 dans ses carnets plus de 10\u00a0000 r\u00e9ponses \u00e0 la pri\u00e8re a dit ceci\u00a0: \u00ab\u00a0Il ne suffit pas de commencer \u00e0 prier, ou de prier correctement. Il faut prier avec patience, ferveur, pers\u00e9v\u00e9rance, jusqu\u2019\u00e0 ce que Dieu r\u00e9ponde \u00e0 nos pri\u00e8res.\u00a0\u00bb<\/p>\n<p>Je termine avec trois conseils\u00a0: pers\u00e9v\u00e9rez, pers\u00e9v\u00e9rez, pers\u00e9v\u00e9rez.<\/p>\n<blockquote><p>\u00ab\u00a0Prier c\u2019est se mettre \u00e0 la disposition de Dieu pour le laisser faire en nous ce qu\u2019Il voudrait y faire depuis longtemps. \u00c0 travers la pri\u00e8re Dieu d\u00e9sire nous fa\u00e7onner, nous changer. Prier c\u2019est \u00eatre comme la toile devant le peintre et le marbre devant le sculpteur.\u00a0\u00bb<br \/>\n<strong><em>Dr Alexis Carrel<\/em><\/strong><\/p><\/blockquote>\n","protected":false},"excerpt":{"rendered":"<p>La pri\u00e8re\u00a0: probl\u00e8mes rencontr\u00e9s, solutions et rem\u00e8des propos\u00e9s Depuis plus de 27\u00a0ans, je parcours le monde francophone pour animer un s\u00e9minaire de 6\u00a0heures sur le th\u00e8me de la pri\u00e8re. \u00c0 &#8230; <a title=\"Ranimer la flamme de la pri\u00e8re\" class=\"read-more\" href=\"http:\/\/enviedeprier.com\/wordpress\/fr\/cultiver-ma-vie-de-priere\/ranimer-la-flamme-de-la-priere\/\" aria-label=\"En savoir plus sur Ranimer la flamme de la pri\u00e8re\">Lire la suite<\/a><\/p>\n","protected":false},"author":1,"featured_media":0,"parent":59,"menu_order":8,"comment_status":"closed","ping_status":"closed","template":"","meta":{"_exactmetrics_skip_tracking":false,"_exactmetrics_sitenote_active":false,"_exactmetrics_sitenote_note":"","_exactmetrics_sitenote_category":0,"generate_page_header":"","footnotes":""},"class_list":["post-72","page","type-page","status-publish"],"_links":{"self":[{"href":"http:\/\/enviedeprier.com\/wordpress\/wp-json\/wp\/v2\/pages\/72","targetHints":{"allow":["GET"]}}],"collection":[{"href":"http:\/\/enviedeprier.com\/wordpress\/wp-json\/wp\/v2\/pages"}],"about":[{"href":"http:\/\/enviedeprier.com\/wordpress\/wp-json\/wp\/v2\/types\/page"}],"author":[{"embeddable":true,"href":"http:\/\/enviedeprier.com\/wordpress\/wp-json\/wp\/v2\/users\/1"}],"replies":[{"embeddable":true,"href":"http:\/\/enviedeprier.com\/wordpress\/wp-json\/wp\/v2\/comments?post=72"}],"version-history":[{"count":1,"href":"http:\/\/enviedeprier.com\/wordpress\/wp-json\/wp\/v2\/pages\/72\/revisions"}],"predecessor-version":[{"id":73,"href":"http:\/\/enviedeprier.com\/wordpress\/wp-json\/wp\/v2\/pages\/72\/revisions\/73"}],"up":[{"embeddable":true,"href":"http:\/\/enviedeprier.com\/wordpress\/wp-json\/wp\/v2\/pages\/59"}],"wp:attachment":[{"href":"http:\/\/enviedeprier.com\/wordpress\/wp-json\/wp\/v2\/media?parent=72"}],"curies":[{"name":"wp","href":"https:\/\/api.w.org\/{rel}","templated":true}]}}