{"id":81,"date":"2015-08-27T21:22:28","date_gmt":"2015-08-27T20:22:28","guid":{"rendered":"http:\/\/enviedeprier.com\/wordpress\/?page_id=81"},"modified":"2015-10-11T16:40:27","modified_gmt":"2015-10-11T15:40:27","slug":"prier-pour-les-intellectuels","status":"publish","type":"page","link":"https:\/\/enviedeprier.com\/wordpress\/fr\/cultiver-ma-vie-de-priere\/prier-pour-les-intellectuels\/","title":{"rendered":"Prier pour les intellectuels"},"content":{"rendered":"<p>Henri Blocher<\/p>\n<p>Les \u00ab\u00a0intellectuels\u00a0\u00bb constituent en France, une strate non n\u00e9gligeable de la soci\u00e9t\u00e9\u00a0: on les reconna\u00eet, ou, plut\u00f4t, ils se reconnaissent mutuellement, par le go\u00fbt qu\u2019ils ont du d\u00e9bat des id\u00e9es, par la profession qu\u2019ils font de penser en rapport souvent avec leur profession au sens ordinaire\u00a0; par leur dette envers un h\u00e9ritage qu\u2019on estime plus riche et plus brillant qu\u2019ailleurs.<\/p>\n<h2>I. Motifs de la pri\u00e8re<\/h2>\n<p>La tentation est grande d\u2019oublier dans la pri\u00e8re les intellectuels fran\u00e7ais. Comme les princes le paraissaient aux pauvres chr\u00e9tiens du IIe si\u00e8cle, ils semblent inaccessibles \u00e0 tout appel \u00e9vang\u00e9lique. Tellement brillants, tellement orgueilleux dans leur critique de toute na\u00efvet\u00e9, tellement d\u00e9sinvoltes dans leurs pirouettes dialectiques, habit\u00e9s d\u2019un esprit de r\u00e9volte\u00a0!<br \/>\nMais comme Paul le fait pour les princes, il faut rappeler le d\u00e9sir qu\u2019a Dieu de sauver tous les hommes\u00a0: des hommes de toute disposition et condition (1\u00a0Timoth\u00e9e\u00a02.1-4).<\/p>\n<p><strong><em>Cette volont\u00e9 divine nous mobilise dans la pri\u00e8re.<\/em><\/strong><\/p>\n<p>L\u2019exemple de Paul nous montre d\u2019ailleurs que Dieu sauve bel et bien des intellectuels. En Actes\u00a017, la pr\u00e9dication inspir\u00e9e de l\u2019ap\u00f4tre au Grand Conseil d\u2019Ath\u00e8nes, et la France fait figure d\u2019Ath\u00e8nes en notre monde, conduit \u00e0 la conversion de plusieurs, dont le fameux Denys (il \u00e9tait chez nous, membre de l\u2019Acad\u00e9mie fran\u00e7aise)\u00a0!<\/p>\n<p>La <em>compassion<\/em> doit nous pousser. Dans leur r\u00e9volte m\u00eame, les intellectuels fran\u00e7ais sont les victimes d\u2019une formation qui leur rend difficile la foi. On leur a inculqu\u00e9 la r\u00e9serve, le retrait et l\u2019horreur des Guerres de Religions pourraient bien \u00eatre \u00e0 l\u2019origine de cette attitude caract\u00e9ristique.<\/p>\n<p><strong><em>L\u2019\u00e9clat m\u00eame de l\u2019ironie est chez eux la politique du d\u00e9sespoir.<\/em><\/strong><\/p>\n<p>L\u2019<em>influence<\/em> des intellectuels fran\u00e7ais dans le monde fournit un motif de plus. Les deux \u00ab\u00a0vagues\u00a0\u00bb les plus fortes de la p\u00e9riode r\u00e9cente, le structuralisme et le postmodernisme (ou la d\u00e9construction) sont en grandes parties issues de France. Si l\u2019Esprit de Dieu agit puissamment parmi les intellectuels fran\u00e7ais, le rayonnement en passera nos fronti\u00e8res\u00a0!<\/p>\n<h2>II. Intentions de pri\u00e8re<\/h2>\n<p>Sur quels objectifs plus particuliers, \u00ab\u00a0strat\u00e9giques\u00a0\u00bb, convient-il de concentrer La pri\u00e8re\u00a0?<\/p>\n<p>Dieu se sert de moyens, sans se limiter aux moyens, toujours d\u00e9ficients, que nous mettons \u00e0 son service. Demandons-Lui d\u2019abord de rendre nos moyens plus ad\u00e9quats\u00a0: de susciter des <em>t\u00e9moins de l\u2019\u00c9vangile<\/em> capables d\u2019attirer et de retenir l\u2019attention des intellectuels par la qualit\u00e9 de leur pr\u00e9sentation. Qualit\u00e9 de <em>forme<\/em>(les Fran\u00e7ais y sont sensibles) et du <em>fond<\/em>. Si Dieu nous accordait un C.S.\u00a0Lewis fran\u00e7ais\u2026 Les mouvements d\u2019\u00e9tudiants (GBU, Agap\u00e9, etc.) et les \u00e9diteurs doivent \u00eatre particuli\u00e8rement pr\u00e9sents dans cette pri\u00e8re.<\/p>\n<p>D\u2019apr\u00e8s les publications assez r\u00e9centes, <em>une r\u00e9action de sant\u00e9<\/em> se dessine chez les intellectuels de la g\u00e9n\u00e9ration montante contre les extr\u00eames d\u2019immoralisme, d\u2019antichristianisme, de nihilisme qui ont pr\u00e9domin\u00e9 \u00e0 l\u2019\u00e9poque pr\u00e9c\u00e9dente. Prions pour que <em>ce mouvement s\u2019amplifie et se consolide<\/em>, pour que l\u2019int\u00e9r\u00eat pour la Bible se confirme et ne s\u2019\u00e9gare pas dans des th\u00e9ories mensong\u00e8res, dont les m\u00e9dias favorisent la provocation.<\/p>\n<p>Demandons encore des <em>conversions<\/em> d\u2019individus hautement dou\u00e9s,<em>susceptibles d\u2019en entra\u00eener un grand nombre<\/em> \u00e0 leur suite. Dans des g\u00e9n\u00e9rations pass\u00e9es, des conversions spectaculaires ont frapp\u00e9 l\u2019opinion, comme celle de Paul Claudel ou d\u2019Andr\u00e9 Frossard. Ces convertis ne connaissaient du christianisme, que le visage catholique\u00a0: l\u2019existence d\u2019un christianisme \u00e9vang\u00e9lique est aujourd\u2019hui mieux connue, malgr\u00e9 les caricatures\u00a0; les s\u00e9jours dans des pays o\u00f9 les \u00e9vang\u00e9liques sont nombreux offrent des occasions aux intellectuels fran\u00e7ais (quelques-uns ont \u00e9t\u00e9 touch\u00e9s par ce moyen et devraient devenir les pr\u00e9mices d\u2019une multitude).<\/p>\n<p>Enfin, il semble urgent de prier <em>contre<\/em>\u00a0: la s\u00e9duction de spiritualit\u00e9s v\u00e9n\u00e9neuses, qui ont pourtant du succ\u00e8s. Le bouddhisme, en particulier, en d\u00e9pit d\u2019\u00e9quivoque et de contresens consid\u00e9rables, attire des intellectuels.<\/p>\n<p>Que le seigneur restaure un v\u00e9ritable esprit critique, ennemi de la cr\u00e9dulit\u00e9 et ouvert \u00e0 la lumi\u00e8re de la foi.<\/p>\n","protected":false},"excerpt":{"rendered":"<p>Henri Blocher Les \u00ab\u00a0intellectuels\u00a0\u00bb constituent en France, une strate non n\u00e9gligeable de la soci\u00e9t\u00e9\u00a0: on les reconna\u00eet, ou, plut\u00f4t, ils se reconnaissent mutuellement, par le go\u00fbt qu\u2019ils ont du d\u00e9bat &#8230; <a title=\"Prier pour les intellectuels\" class=\"read-more\" href=\"https:\/\/enviedeprier.com\/wordpress\/fr\/cultiver-ma-vie-de-priere\/prier-pour-les-intellectuels\/\" aria-label=\"En savoir plus sur Prier pour les intellectuels\">Lire la suite<\/a><\/p>\n","protected":false},"author":1,"featured_media":0,"parent":59,"menu_order":7,"comment_status":"closed","ping_status":"closed","template":"","meta":{"_exactmetrics_skip_tracking":false,"_exactmetrics_sitenote_active":false,"_exactmetrics_sitenote_note":"","_exactmetrics_sitenote_category":0,"generate_page_header":"","footnotes":""},"class_list":["post-81","page","type-page","status-publish"],"_links":{"self":[{"href":"https:\/\/enviedeprier.com\/wordpress\/wp-json\/wp\/v2\/pages\/81","targetHints":{"allow":["GET"]}}],"collection":[{"href":"https:\/\/enviedeprier.com\/wordpress\/wp-json\/wp\/v2\/pages"}],"about":[{"href":"https:\/\/enviedeprier.com\/wordpress\/wp-json\/wp\/v2\/types\/page"}],"author":[{"embeddable":true,"href":"https:\/\/enviedeprier.com\/wordpress\/wp-json\/wp\/v2\/users\/1"}],"replies":[{"embeddable":true,"href":"https:\/\/enviedeprier.com\/wordpress\/wp-json\/wp\/v2\/comments?post=81"}],"version-history":[{"count":1,"href":"https:\/\/enviedeprier.com\/wordpress\/wp-json\/wp\/v2\/pages\/81\/revisions"}],"predecessor-version":[{"id":82,"href":"https:\/\/enviedeprier.com\/wordpress\/wp-json\/wp\/v2\/pages\/81\/revisions\/82"}],"up":[{"embeddable":true,"href":"https:\/\/enviedeprier.com\/wordpress\/wp-json\/wp\/v2\/pages\/59"}],"wp:attachment":[{"href":"https:\/\/enviedeprier.com\/wordpress\/wp-json\/wp\/v2\/media?parent=81"}],"curies":[{"name":"wp","href":"https:\/\/api.w.org\/{rel}","templated":true}]}}